{"id":769,"date":"2019-11-27T11:21:52","date_gmt":"2019-11-27T11:21:52","guid":{"rendered":"https:\/\/schroder-int.com\/wordpress\/?page_id=769"},"modified":"2022-03-08T11:49:46","modified_gmt":"2022-03-08T11:49:46","slug":"politica-de-privacidad-staler","status":"publish","type":"page","link":"https:\/\/schroder-int.com\/wordpress\/politica-de-privacidad-staler\/","title":{"rendered":"Pol\u00edtica de privacidad Staler"},"content":{"rendered":"\n<p><\/p>\n\n\n\n<style type=\"text\/css\" data-created_by=\"avia_inline_auto\" id=\"style-css-av-10x1i1-b2b9d486cde9b35a2796cdaa94a67102\">\n.flex_column.av-10x1i1-b2b9d486cde9b35a2796cdaa94a67102{\nborder-radius:0px 0px 0px 0px;\npadding:0px 0px 0px 0px;\n}\n<\/style>\n<div  class='flex_column av-10x1i1-b2b9d486cde9b35a2796cdaa94a67102 av_one_fifth  avia-builder-el-0  el_before_av_three_fifth  avia-builder-el-first  first flex_column_div av-zero-column-padding  '     ><\/div>\n\n<style type=\"text\/css\" data-created_by=\"avia_inline_auto\" id=\"style-css-av-xut4x-0f4265525985a953750221c35ebca393\">\n.flex_column.av-xut4x-0f4265525985a953750221c35ebca393{\nborder-radius:0px 0px 0px 0px;\npadding:0px 0px 0px 0px;\n}\n<\/style>\n<div  class='flex_column av-xut4x-0f4265525985a953750221c35ebca393 av_three_fifth  avia-builder-el-1  el_after_av_one_fifth  el_before_av_one_fifth  flex_column_div av-zero-column-padding  '     ><p>\n<style type=\"text\/css\" data-created_by=\"avia_inline_auto\" id=\"style-css-av-q2o9d-4a3ad0b07c6d5c1011c6ab8f86b14d41\">\n#top .av_textblock_section.av-q2o9d-4a3ad0b07c6d5c1011c6ab8f86b14d41 .avia_textblock{\ncolor:#ffffff;\n}\n<\/style>\n<section  class='av_textblock_section av-q2o9d-4a3ad0b07c6d5c1011c6ab8f86b14d41 '   itemscope=\"itemscope\" itemtype=\"https:\/\/schema.org\/CreativeWork\" ><div class='avia_textblock av_inherit_color'  itemprop=\"text\" ><p><strong>CIRCULAR INFORMATIVA CLIENTES\/PROVEEDORES PROTECCION DATOS PERSONALES<\/strong><\/p>\n<p>STALER, S.A.U.,\u00a0le informa que est\u00e1 realizando las auditorias pertinentes en materia de protecci\u00f3n de datos 2019 y que con la entrada en vigor del <a href=\"https:\/\/www.boe.es\/diario_boe\/txt.php?id=DOUE-L-2016-80807\">Reglamento (UE) 2016\/679 del Parlamento Europeo y del Consejo, de fecha 27 de abril de 2016<\/a>, denominado Reglamento General de Protecci\u00f3n de Datos, STALER, S.A.U.,\u00a0le informa que, de conformidad con la Ley Org\u00e1nica de Protecci\u00f3n de Datos de Car\u00e1cter Personal y Garant\u00eda de los Derechos Digitales 3\/2018, sus datos han sido obtenidos debido a la relaci\u00f3n comercial que mantenemos, y han sido incorporados en los ficheros y registro de tratamiento de datos de car\u00e1cter personal cuyo titular STALER, S.A.U.,\u00a0y cuyas finalidades son la prestaci\u00f3n de los servicios contratados.<\/p>\n<p>Sus datos se mantendr\u00e1n en dichos ficheros mientras dure la relaci\u00f3n comercial, y, tras la finalizaci\u00f3n de dicha relaci\u00f3n por cualquier causa, durante los plazos de prescripci\u00f3n legales que sean de aplicaci\u00f3n. En este supuesto, se tratar\u00e1n a los solos efectos de acreditar el cumplimiento de nuestras obligaciones legales o contractuales. Finalizados dichos plazos de prescripci\u00f3n, sus datos ser\u00e1n eliminados o, alternativamente, anonimizados.<\/p>\n<p>Sus datos podr\u00e1n ser cedidos a los destinatarios que se indican a continuaci\u00f3n, por los motivos que a continuaci\u00f3n se explican:<\/p>\n<p>&#8211;\u00a0\u00a0Administraciones P\u00fablicas: para el cumplimiento de las obligaciones legales a las que STALER, S.A.U.,\u00a0est\u00e1 sujeta por su actividad.<\/p>\n<p>&#8211;\u00a0\u00a0Proveedores que precisen acceder a sus datos para la prestaci\u00f3n de servicios que STALER, S.A.U.,\u00a0haya contratado, y con los cuales tiene suscritos los contratos de confidencialidad y de tratamiento de datos personales necesarios y exigidos por la normativa para proteger su privacidad.<\/p>\n<p>Si en el futuro STALER, S.A.U.,\u00a0realizara otras cesiones de datos personales, le informar\u00e1 oportunamente.<\/p>\n<p>As\u00ed mismo, le informamos que puede ejercitar sus derechos de Acceso, Rectificaci\u00f3n, Cancelaci\u00f3n, Oposici\u00f3n, Limitaci\u00f3n y Portabilidad aportando copia de su DNI a la direcci\u00f3n postal CTRA.C-17, km. 16,669 &#8211; 08150, Parets del Valles \u2013 BARCELONA o al mail <a href=\"mailto:protecciondatos@staler.com\">protecciondatos@staler.com<\/a><\/p>\n<\/div><\/section><br \/>\n\n<style type=\"text\/css\" data-created_by=\"avia_inline_auto\" id=\"style-css-av-k71fl-9b6cf67884b20f8a7ec6d37bf8947762\">\n#top .hr.hr-invisible.av-k71fl-9b6cf67884b20f8a7ec6d37bf8947762{\nheight:25px;\n}\n<\/style>\n<div  class='hr av-k71fl-9b6cf67884b20f8a7ec6d37bf8947762 hr-invisible  avia-builder-el-3  el_after_av_textblock  el_before_av_button '><span class='hr-inner '><span class=\"hr-inner-style\"><\/span><\/span><\/div><br \/>\n<div  class='avia-button-wrap av-dxk5d-fedbaef7d8345caf1fdd3d91fe51e106-wrap avia-button-left  avia-builder-el-4  el_after_av_hr  avia-builder-el-last '><a href='https:\/\/schroder-int.com\/wordpress\/'  class='avia-button av-dxk5d-fedbaef7d8345caf1fdd3d91fe51e106 av-link-btn avia-icon_select-yes-left-icon avia-size-medium avia-position-left avia-color-theme-color'   aria-label=\"Volver a la home\"><span class='avia_button_icon avia_button_icon_left avia-iconfont avia-font-entypo-fontello' data-av_icon='\ue832' data-av_iconfont='entypo-fontello' ><\/span><span class='avia_iconbox_title' >Volver a la home<\/span><\/a><\/div><\/p><\/div>\n<style type=\"text\/css\" data-created_by=\"avia_inline_auto\" id=\"style-css-av-6lvv5-e7f1c727abdb62d98c3e1e0733192415\">\n.flex_column.av-6lvv5-e7f1c727abdb62d98c3e1e0733192415{\nborder-radius:0px 0px 0px 0px;\npadding:0px 0px 0px 0px;\n}\n<\/style>\n<div  class='flex_column av-6lvv5-e7f1c727abdb62d98c3e1e0733192415 av_one_fifth  avia-builder-el-5  el_after_av_three_fifth  avia-builder-el-last  flex_column_div av-zero-column-padding  '     ><\/div><\/p>\n","protected":false},"excerpt":{"rendered":"","protected":false},"author":2,"featured_media":0,"parent":0,"menu_order":0,"comment_status":"closed","ping_status":"closed","template":"","meta":{"footnotes":""},"class_list":["post-769","page","type-page","status-publish","hentry"],"yoast_head":"<!-- This site is optimized with the Yoast SEO plugin v26.9 - https:\/\/yoast.com\/product\/yoast-seo-wordpress\/ -->\n<title>Pol\u00edtica de privacidad Staler - Grupo Schr\u00f6der<\/title>\n<meta name=\"robots\" content=\"index, follow, max-snippet:-1, max-image-preview:large, max-video-preview:-1\" \/>\n<link rel=\"canonical\" href=\"https:\/\/schroder-int.com\/wordpress\/politica-de-privacidad-staler\/\" \/>\n<meta property=\"og:locale\" content=\"es_ES\" \/>\n<meta property=\"og:type\" content=\"article\" \/>\n<meta property=\"og:title\" content=\"Pol\u00edtica de privacidad Staler - Grupo Schr\u00f6der\" \/>\n<meta property=\"og:url\" content=\"https:\/\/schroder-int.com\/wordpress\/politica-de-privacidad-staler\/\" \/>\n<meta property=\"og:site_name\" content=\"Grupo Schr\u00f6der\" \/>\n<meta property=\"article:modified_time\" content=\"2022-03-08T11:49:46+00:00\" \/>\n<meta name=\"twitter:card\" content=\"summary_large_image\" \/>\n<meta name=\"twitter:label1\" content=\"Tiempo de lectura\" \/>\n\t<meta name=\"twitter:data1\" content=\"2 minutos\" \/>\n<script type=\"application\/ld+json\" class=\"yoast-schema-graph\">{\"@context\":\"https:\/\/schema.org\",\"@graph\":[{\"@type\":\"WebPage\",\"@id\":\"https:\/\/schroder-int.com\/wordpress\/politica-de-privacidad-staler\/\",\"url\":\"https:\/\/schroder-int.com\/wordpress\/politica-de-privacidad-staler\/\",\"name\":\"Pol\u00edtica de privacidad Staler - Grupo Schr\u00f6der\",\"isPartOf\":{\"@id\":\"https:\/\/schroder-int.com\/wordpress\/#website\"},\"datePublished\":\"2019-11-27T11:21:52+00:00\",\"dateModified\":\"2022-03-08T11:49:46+00:00\",\"breadcrumb\":{\"@id\":\"https:\/\/schroder-int.com\/wordpress\/politica-de-privacidad-staler\/#breadcrumb\"},\"inLanguage\":\"es\",\"potentialAction\":[{\"@type\":\"ReadAction\",\"target\":[\"https:\/\/schroder-int.com\/wordpress\/politica-de-privacidad-staler\/\"]}]},{\"@type\":\"BreadcrumbList\",\"@id\":\"https:\/\/schroder-int.com\/wordpress\/politica-de-privacidad-staler\/#breadcrumb\",\"itemListElement\":[{\"@type\":\"ListItem\",\"position\":1,\"name\":\"Portada\",\"item\":\"https:\/\/schroder-int.com\/wordpress\/\"},{\"@type\":\"ListItem\",\"position\":2,\"name\":\"Pol\u00edtica de privacidad Staler\"}]},{\"@type\":\"WebSite\",\"@id\":\"https:\/\/schroder-int.com\/wordpress\/#website\",\"url\":\"https:\/\/schroder-int.com\/wordpress\/\",\"name\":\"Grupo Schr\u00f6der\",\"description\":\"Aceros Inoxidables, Aceros al carbono\",\"potentialAction\":[{\"@type\":\"SearchAction\",\"target\":{\"@type\":\"EntryPoint\",\"urlTemplate\":\"https:\/\/schroder-int.com\/wordpress\/?s={search_term_string}\"},\"query-input\":{\"@type\":\"PropertyValueSpecification\",\"valueRequired\":true,\"valueName\":\"search_term_string\"}}],\"inLanguage\":\"es\"}]}<\/script>\n<!-- \/ Yoast SEO plugin. -->","yoast_head_json":{"title":"Pol\u00edtica de privacidad Staler - Grupo Schr\u00f6der","robots":{"index":"index","follow":"follow","max-snippet":"max-snippet:-1","max-image-preview":"max-image-preview:large","max-video-preview":"max-video-preview:-1"},"canonical":"https:\/\/schroder-int.com\/wordpress\/politica-de-privacidad-staler\/","og_locale":"es_ES","og_type":"article","og_title":"Pol\u00edtica de privacidad Staler - Grupo Schr\u00f6der","og_url":"https:\/\/schroder-int.com\/wordpress\/politica-de-privacidad-staler\/","og_site_name":"Grupo Schr\u00f6der","article_modified_time":"2022-03-08T11:49:46+00:00","twitter_card":"summary_large_image","twitter_misc":{"Tiempo de lectura":"2 minutos"},"schema":{"@context":"https:\/\/schema.org","@graph":[{"@type":"WebPage","@id":"https:\/\/schroder-int.com\/wordpress\/politica-de-privacidad-staler\/","url":"https:\/\/schroder-int.com\/wordpress\/politica-de-privacidad-staler\/","name":"Pol\u00edtica de privacidad Staler - Grupo Schr\u00f6der","isPartOf":{"@id":"https:\/\/schroder-int.com\/wordpress\/#website"},"datePublished":"2019-11-27T11:21:52+00:00","dateModified":"2022-03-08T11:49:46+00:00","breadcrumb":{"@id":"https:\/\/schroder-int.com\/wordpress\/politica-de-privacidad-staler\/#breadcrumb"},"inLanguage":"es","potentialAction":[{"@type":"ReadAction","target":["https:\/\/schroder-int.com\/wordpress\/politica-de-privacidad-staler\/"]}]},{"@type":"BreadcrumbList","@id":"https:\/\/schroder-int.com\/wordpress\/politica-de-privacidad-staler\/#breadcrumb","itemListElement":[{"@type":"ListItem","position":1,"name":"Portada","item":"https:\/\/schroder-int.com\/wordpress\/"},{"@type":"ListItem","position":2,"name":"Pol\u00edtica de privacidad Staler"}]},{"@type":"WebSite","@id":"https:\/\/schroder-int.com\/wordpress\/#website","url":"https:\/\/schroder-int.com\/wordpress\/","name":"Grupo Schr\u00f6der","description":"Aceros Inoxidables, Aceros al carbono","potentialAction":[{"@type":"SearchAction","target":{"@type":"EntryPoint","urlTemplate":"https:\/\/schroder-int.com\/wordpress\/?s={search_term_string}"},"query-input":{"@type":"PropertyValueSpecification","valueRequired":true,"valueName":"search_term_string"}}],"inLanguage":"es"}]}},"_links":{"self":[{"href":"https:\/\/schroder-int.com\/wordpress\/wp-json\/wp\/v2\/pages\/769","targetHints":{"allow":["GET"]}}],"collection":[{"href":"https:\/\/schroder-int.com\/wordpress\/wp-json\/wp\/v2\/pages"}],"about":[{"href":"https:\/\/schroder-int.com\/wordpress\/wp-json\/wp\/v2\/types\/page"}],"author":[{"embeddable":true,"href":"https:\/\/schroder-int.com\/wordpress\/wp-json\/wp\/v2\/users\/2"}],"replies":[{"embeddable":true,"href":"https:\/\/schroder-int.com\/wordpress\/wp-json\/wp\/v2\/comments?post=769"}],"version-history":[{"count":3,"href":"https:\/\/schroder-int.com\/wordpress\/wp-json\/wp\/v2\/pages\/769\/revisions"}],"predecessor-version":[{"id":842,"href":"https:\/\/schroder-int.com\/wordpress\/wp-json\/wp\/v2\/pages\/769\/revisions\/842"}],"wp:attachment":[{"href":"https:\/\/schroder-int.com\/wordpress\/wp-json\/wp\/v2\/media?parent=769"}],"curies":[{"name":"wp","href":"https:\/\/api.w.org\/{rel}","templated":true}]}}