{"id":757,"date":"2019-11-25T08:42:42","date_gmt":"2019-11-25T08:42:42","guid":{"rendered":"https:\/\/schroder-int.com\/wordpress\/?page_id=757"},"modified":"2019-11-27T11:22:04","modified_gmt":"2019-11-27T11:22:04","slug":"politica-de-privacidad","status":"publish","type":"page","link":"https:\/\/schroder-int.com\/wordpress\/politica-de-privacidad\/","title":{"rendered":"Pol\u00edtica de privacidad Schroder"},"content":{"rendered":"\n<style type=\"text\/css\" data-created_by=\"avia_inline_auto\" id=\"style-css-av-av_one_fifth-6126cab7d8fab8d08143dd2dacdf673c\">\n.flex_column.av-av_one_fifth-6126cab7d8fab8d08143dd2dacdf673c{\nborder-radius:0px 0px 0px 0px;\npadding:0px 0px 0px 0px;\n}\n<\/style>\n<div  class='flex_column av-av_one_fifth-6126cab7d8fab8d08143dd2dacdf673c av_one_fifth  avia-builder-el-0  el_before_av_three_fifth  avia-builder-el-first  first flex_column_div av-zero-column-padding  '     ><\/div>\n\n<style type=\"text\/css\" data-created_by=\"avia_inline_auto\" id=\"style-css-av-av_three_fifth-0aa7055fe62c3622faec82866afbaeb2\">\n.flex_column.av-av_three_fifth-0aa7055fe62c3622faec82866afbaeb2{\nborder-radius:0px 0px 0px 0px;\npadding:0px 0px 0px 0px;\n}\n<\/style>\n<div  class='flex_column av-av_three_fifth-0aa7055fe62c3622faec82866afbaeb2 av_three_fifth  avia-builder-el-1  el_after_av_one_fifth  el_before_av_one_fifth  flex_column_div av-zero-column-padding  '     ><p>\n<style type=\"text\/css\" data-created_by=\"avia_inline_auto\" id=\"style-css-av-av_textblock-0b24277fcb3157fd54563c4417ea17f7\">\n#top .av_textblock_section.av-av_textblock-0b24277fcb3157fd54563c4417ea17f7 .avia_textblock{\ncolor:#ffffff;\n}\n<\/style>\n<section  class='av_textblock_section av-av_textblock-0b24277fcb3157fd54563c4417ea17f7 '   itemscope=\"itemscope\" itemtype=\"https:\/\/schema.org\/CreativeWork\" ><div class='avia_textblock av_inherit_color'  itemprop=\"text\" ><p><strong>CIRCULAR INFORMATIVA CLIENTES\/PROVEEDORES PROTECCION DATOS PERSONALES<\/strong><\/p>\n<p>SCHRODER INTERNACIONAL, S.L., le informa que est\u00e1 realizando las auditorias pertinentes en materia de protecci\u00f3n de datos 2019 y que con la entrada en vigor del <a href=\"https:\/\/www.boe.es\/diario_boe\/txt.php?id=DOUE-L-2016-80807\">Reglamento (UE) 2016\/679 del Parlamento Europeo y del Consejo, de fecha 27 de abril de 2016<\/a>, denominado Reglamento General de Protecci\u00f3n de Datos, SCHRODER INTERNACIONAL, S.L., le informa que, de conformidad con la Ley Org\u00e1nica de Protecci\u00f3n de Datos de Car\u00e1cter Personal y Garant\u00eda de los Derechos Digitales 3\/2018, sus datos han sido obtenidos debido a la relaci\u00f3n comercial que mantenemos, y han sido incorporados en los ficheros y registro de tratamiento de datos de car\u00e1cter personal cuyo titular SCHRODER INTERNACIONAL, S.L., y cuyas finalidades son la prestaci\u00f3n de los servicios contratados.<\/p>\n<p>Sus datos se mantendr\u00e1n en dichos ficheros mientras dure la relaci\u00f3n comercial, y, tras la finalizaci\u00f3n de dicha relaci\u00f3n por cualquier causa, durante los plazos de prescripci\u00f3n legales que sean de aplicaci\u00f3n. En este supuesto, se tratar\u00e1n a los solos efectos de acreditar el cumplimiento de nuestras obligaciones legales o contractuales. Finalizados dichos plazos de prescripci\u00f3n, sus datos ser\u00e1n eliminados o, alternativamente, anonimizados.<\/p>\n<p>Sus datos podr\u00e1n ser cedidos a los destinatarios que se indican a continuaci\u00f3n, por los motivos que a continuaci\u00f3n se explican:<\/p>\n<p>&#8211;\u00a0\u00a0Administraciones P\u00fablicas: para el cumplimiento de las obligaciones legales a las que SCHRODER INTERNACIONAL, S.L., est\u00e1 sujeta por su actividad.<\/p>\n<p>&#8211;\u00a0\u00a0Proveedores que precisen acceder a sus datos para la prestaci\u00f3n de servicios que SCHRODER INTERNACIONAL, S.L., haya contratado, y con los cuales tiene suscritos los contratos de confidencialidad y de tratamiento de datos personales necesarios y exigidos por la normativa para proteger su privacidad.<\/p>\n<p>Si en el futuro SCHRODER INTERNACIONAL, S.L., realizara otras cesiones de datos personales, le informar\u00e1 oportunamente.<\/p>\n<p>As\u00ed mismo, le informamos que puede ejercitar sus derechos de Acceso, Rectificaci\u00f3n, Cancelaci\u00f3n, Oposici\u00f3n, Limitaci\u00f3n y Portabilidad aportando copia de su DNI a la direcci\u00f3n postal CTRA.C-17 km. 16,669 &#8211; 08150, Parets del Valles \u2013 BARCELONA o al mail\u00a0\u00a0\u00a0\u00a0\u00a0\u00a0 <a href=\"mailto:protecciondatos@schroder-cp816.wordpresstemporal.com\">protecciondatos@schroder-cp816.wordpresstemporal.com<\/a><\/p>\n<\/div><\/section><br \/>\n\n<style type=\"text\/css\" data-created_by=\"avia_inline_auto\" id=\"style-css-av-av_hr-1deae294de86921cadf9622fb2da0879\">\n#top .hr.hr-invisible.av-av_hr-1deae294de86921cadf9622fb2da0879{\nheight:25px;\n}\n<\/style>\n<div  class='hr av-av_hr-1deae294de86921cadf9622fb2da0879 hr-invisible  avia-builder-el-3  el_after_av_textblock  el_before_av_button '><span class='hr-inner '><span class=\"hr-inner-style\"><\/span><\/span><\/div><br \/>\n<div  class='avia-button-wrap av-av_button-2810dea969deaecae2e1d965eb8d9aed-wrap avia-button-left  avia-builder-el-4  el_after_av_hr  avia-builder-el-last '><a href='https:\/\/schroder-int.com\/wordpress\/'  class='avia-button av-av_button-2810dea969deaecae2e1d965eb8d9aed av-link-btn avia-icon_select-yes-left-icon avia-size-medium avia-position-left avia-color-theme-color'   aria-label=\"Volver a la home\"><span class='avia_button_icon avia_button_icon_left avia-iconfont avia-font-entypo-fontello' data-av_icon='\ue832' data-av_iconfont='entypo-fontello' ><\/span><span class='avia_iconbox_title' >Volver a la home<\/span><\/a><\/div><\/p><\/div>\n\n<style type=\"text\/css\" data-created_by=\"avia_inline_auto\" id=\"style-css-av-av_one_fifth-0aa7055fe62c3622faec82866afbaeb2\">\n.flex_column.av-av_one_fifth-0aa7055fe62c3622faec82866afbaeb2{\nborder-radius:0px 0px 0px 0px;\npadding:0px 0px 0px 0px;\n}\n<\/style>\n<div  class='flex_column av-av_one_fifth-0aa7055fe62c3622faec82866afbaeb2 av_one_fifth  avia-builder-el-5  el_after_av_three_fifth  avia-builder-el-last  flex_column_div av-zero-column-padding  '     ><\/div>\n","protected":false},"excerpt":{"rendered":"","protected":false},"author":2,"featured_media":0,"parent":0,"menu_order":0,"comment_status":"closed","ping_status":"closed","template":"","meta":{"footnotes":""},"class_list":["post-757","page","type-page","status-publish","hentry"],"yoast_head":"<!-- This site is optimized with the Yoast SEO plugin v26.9 - https:\/\/yoast.com\/product\/yoast-seo-wordpress\/ -->\n<title>Pol\u00edtica de privacidad Schroder - Grupo Schr\u00f6der<\/title>\n<meta name=\"robots\" content=\"index, follow, max-snippet:-1, max-image-preview:large, max-video-preview:-1\" \/>\n<link rel=\"canonical\" href=\"https:\/\/schroder-int.com\/wordpress\/politica-de-privacidad\/\" \/>\n<meta property=\"og:locale\" content=\"es_ES\" \/>\n<meta property=\"og:type\" content=\"article\" \/>\n<meta property=\"og:title\" content=\"Pol\u00edtica de privacidad Schroder - Grupo Schr\u00f6der\" \/>\n<meta property=\"og:url\" content=\"https:\/\/schroder-int.com\/wordpress\/politica-de-privacidad\/\" \/>\n<meta property=\"og:site_name\" content=\"Grupo Schr\u00f6der\" \/>\n<meta property=\"article:modified_time\" content=\"2019-11-27T11:22:04+00:00\" \/>\n<meta name=\"twitter:card\" content=\"summary_large_image\" \/>\n<meta name=\"twitter:label1\" content=\"Tiempo de lectura\" \/>\n\t<meta name=\"twitter:data1\" content=\"3 minutos\" \/>\n<script type=\"application\/ld+json\" class=\"yoast-schema-graph\">{\"@context\":\"https:\/\/schema.org\",\"@graph\":[{\"@type\":\"WebPage\",\"@id\":\"https:\/\/schroder-int.com\/wordpress\/politica-de-privacidad\/\",\"url\":\"https:\/\/schroder-int.com\/wordpress\/politica-de-privacidad\/\",\"name\":\"Pol\u00edtica de privacidad Schroder - Grupo Schr\u00f6der\",\"isPartOf\":{\"@id\":\"https:\/\/schroder-int.com\/wordpress\/#website\"},\"datePublished\":\"2019-11-25T08:42:42+00:00\",\"dateModified\":\"2019-11-27T11:22:04+00:00\",\"breadcrumb\":{\"@id\":\"https:\/\/schroder-int.com\/wordpress\/politica-de-privacidad\/#breadcrumb\"},\"inLanguage\":\"es\",\"potentialAction\":[{\"@type\":\"ReadAction\",\"target\":[\"https:\/\/schroder-int.com\/wordpress\/politica-de-privacidad\/\"]}]},{\"@type\":\"BreadcrumbList\",\"@id\":\"https:\/\/schroder-int.com\/wordpress\/politica-de-privacidad\/#breadcrumb\",\"itemListElement\":[{\"@type\":\"ListItem\",\"position\":1,\"name\":\"Portada\",\"item\":\"https:\/\/schroder-int.com\/wordpress\/\"},{\"@type\":\"ListItem\",\"position\":2,\"name\":\"Pol\u00edtica de privacidad Schroder\"}]},{\"@type\":\"WebSite\",\"@id\":\"https:\/\/schroder-int.com\/wordpress\/#website\",\"url\":\"https:\/\/schroder-int.com\/wordpress\/\",\"name\":\"Grupo Schr\u00f6der\",\"description\":\"Aceros Inoxidables, Aceros al carbono\",\"potentialAction\":[{\"@type\":\"SearchAction\",\"target\":{\"@type\":\"EntryPoint\",\"urlTemplate\":\"https:\/\/schroder-int.com\/wordpress\/?s={search_term_string}\"},\"query-input\":{\"@type\":\"PropertyValueSpecification\",\"valueRequired\":true,\"valueName\":\"search_term_string\"}}],\"inLanguage\":\"es\"}]}<\/script>\n<!-- \/ Yoast SEO plugin. -->","yoast_head_json":{"title":"Pol\u00edtica de privacidad Schroder - Grupo Schr\u00f6der","robots":{"index":"index","follow":"follow","max-snippet":"max-snippet:-1","max-image-preview":"max-image-preview:large","max-video-preview":"max-video-preview:-1"},"canonical":"https:\/\/schroder-int.com\/wordpress\/politica-de-privacidad\/","og_locale":"es_ES","og_type":"article","og_title":"Pol\u00edtica de privacidad Schroder - Grupo Schr\u00f6der","og_url":"https:\/\/schroder-int.com\/wordpress\/politica-de-privacidad\/","og_site_name":"Grupo Schr\u00f6der","article_modified_time":"2019-11-27T11:22:04+00:00","twitter_card":"summary_large_image","twitter_misc":{"Tiempo de lectura":"3 minutos"},"schema":{"@context":"https:\/\/schema.org","@graph":[{"@type":"WebPage","@id":"https:\/\/schroder-int.com\/wordpress\/politica-de-privacidad\/","url":"https:\/\/schroder-int.com\/wordpress\/politica-de-privacidad\/","name":"Pol\u00edtica de privacidad Schroder - Grupo Schr\u00f6der","isPartOf":{"@id":"https:\/\/schroder-int.com\/wordpress\/#website"},"datePublished":"2019-11-25T08:42:42+00:00","dateModified":"2019-11-27T11:22:04+00:00","breadcrumb":{"@id":"https:\/\/schroder-int.com\/wordpress\/politica-de-privacidad\/#breadcrumb"},"inLanguage":"es","potentialAction":[{"@type":"ReadAction","target":["https:\/\/schroder-int.com\/wordpress\/politica-de-privacidad\/"]}]},{"@type":"BreadcrumbList","@id":"https:\/\/schroder-int.com\/wordpress\/politica-de-privacidad\/#breadcrumb","itemListElement":[{"@type":"ListItem","position":1,"name":"Portada","item":"https:\/\/schroder-int.com\/wordpress\/"},{"@type":"ListItem","position":2,"name":"Pol\u00edtica de privacidad Schroder"}]},{"@type":"WebSite","@id":"https:\/\/schroder-int.com\/wordpress\/#website","url":"https:\/\/schroder-int.com\/wordpress\/","name":"Grupo Schr\u00f6der","description":"Aceros Inoxidables, Aceros al carbono","potentialAction":[{"@type":"SearchAction","target":{"@type":"EntryPoint","urlTemplate":"https:\/\/schroder-int.com\/wordpress\/?s={search_term_string}"},"query-input":{"@type":"PropertyValueSpecification","valueRequired":true,"valueName":"search_term_string"}}],"inLanguage":"es"}]}},"_links":{"self":[{"href":"https:\/\/schroder-int.com\/wordpress\/wp-json\/wp\/v2\/pages\/757","targetHints":{"allow":["GET"]}}],"collection":[{"href":"https:\/\/schroder-int.com\/wordpress\/wp-json\/wp\/v2\/pages"}],"about":[{"href":"https:\/\/schroder-int.com\/wordpress\/wp-json\/wp\/v2\/types\/page"}],"author":[{"embeddable":true,"href":"https:\/\/schroder-int.com\/wordpress\/wp-json\/wp\/v2\/users\/2"}],"replies":[{"embeddable":true,"href":"https:\/\/schroder-int.com\/wordpress\/wp-json\/wp\/v2\/comments?post=757"}],"version-history":[{"count":6,"href":"https:\/\/schroder-int.com\/wordpress\/wp-json\/wp\/v2\/pages\/757\/revisions"}],"predecessor-version":[{"id":771,"href":"https:\/\/schroder-int.com\/wordpress\/wp-json\/wp\/v2\/pages\/757\/revisions\/771"}],"wp:attachment":[{"href":"https:\/\/schroder-int.com\/wordpress\/wp-json\/wp\/v2\/media?parent=757"}],"curies":[{"name":"wp","href":"https:\/\/api.w.org\/{rel}","templated":true}]}}

Política de privacidad Schroder

<style type="text/css" data-created_by="avia_inline_auto" id="style-css-av-av_one_fifth-6126cab7d8fab8d08143dd2dacdf673c">
.flex_column.av-av_one_fifth-6126cab7d8fab8d08143dd2dacdf673c{
border-radius:0px 0px 0px 0px;
padding:0px 0px 0px 0px;
}
</style>
<div  class='flex_column av-av_one_fifth-6126cab7d8fab8d08143dd2dacdf673c av_one_fifth  avia-builder-el-0  el_before_av_three_fifth  avia-builder-el-first  first flex_column_div av-zero-column-padding  '     ></div>

<style type="text/css" data-created_by="avia_inline_auto" id="style-css-av-av_three_fifth-0aa7055fe62c3622faec82866afbaeb2">
.flex_column.av-av_three_fifth-0aa7055fe62c3622faec82866afbaeb2{
border-radius:0px 0px 0px 0px;
padding:0px 0px 0px 0px;
}
</style>
<div  class='flex_column av-av_three_fifth-0aa7055fe62c3622faec82866afbaeb2 av_three_fifth  avia-builder-el-1  el_after_av_one_fifth  el_before_av_one_fifth  flex_column_div av-zero-column-padding  '     ><p>
<style type="text/css" data-created_by="avia_inline_auto" id="style-css-av-av_textblock-0b24277fcb3157fd54563c4417ea17f7">
#top .av_textblock_section.av-av_textblock-0b24277fcb3157fd54563c4417ea17f7 .avia_textblock{
color:#ffffff;
}
</style>
<section  class='av_textblock_section av-av_textblock-0b24277fcb3157fd54563c4417ea17f7 '   itemscope="itemscope" itemtype="https://schema.org/CreativeWork" ><div class='avia_textblock av_inherit_color'  itemprop="text" ><p><strong>CIRCULAR INFORMATIVA CLIENTES/PROVEEDORES PROTECCION DATOS PERSONALES</strong></p>
<p>SCHRODER INTERNACIONAL, S.L., le informa que está realizando las auditorias pertinentes en materia de protección de datos 2019 y que con la entrada en vigor del <a href="https://www.boe.es/diario_boe/txt.php?id=DOUE-L-2016-80807">Reglamento (UE) 2016/679 del Parlamento Europeo y del Consejo, de fecha 27 de abril de 2016</a>, denominado Reglamento General de Protección de Datos, SCHRODER INTERNACIONAL, S.L., le informa que, de conformidad con la Ley Orgánica de Protección de Datos de Carácter Personal y Garantía de los Derechos Digitales 3/2018, sus datos han sido obtenidos debido a la relación comercial que mantenemos, y han sido incorporados en los ficheros y registro de tratamiento de datos de carácter personal cuyo titular SCHRODER INTERNACIONAL, S.L., y cuyas finalidades son la prestación de los servicios contratados.</p>
<p>Sus datos se mantendrán en dichos ficheros mientras dure la relación comercial, y, tras la finalización de dicha relación por cualquier causa, durante los plazos de prescripción legales que sean de aplicación. En este supuesto, se tratarán a los solos efectos de acreditar el cumplimiento de nuestras obligaciones legales o contractuales. Finalizados dichos plazos de prescripción, sus datos serán eliminados o, alternativamente, anonimizados.</p>
<p>Sus datos podrán ser cedidos a los destinatarios que se indican a continuación, por los motivos que a continuación se explican:</p>
<p>&#8211;  Administraciones Públicas: para el cumplimiento de las obligaciones legales a las que SCHRODER INTERNACIONAL, S.L., está sujeta por su actividad.</p>
<p>&#8211;  Proveedores que precisen acceder a sus datos para la prestación de servicios que SCHRODER INTERNACIONAL, S.L., haya contratado, y con los cuales tiene suscritos los contratos de confidencialidad y de tratamiento de datos personales necesarios y exigidos por la normativa para proteger su privacidad.</p>
<p>Si en el futuro SCHRODER INTERNACIONAL, S.L., realizara otras cesiones de datos personales, le informará oportunamente.</p>
<p>Así mismo, le informamos que puede ejercitar sus derechos de Acceso, Rectificación, Cancelación, Oposición, Limitación y Portabilidad aportando copia de su DNI a la dirección postal CTRA.C-17 km. 16,669 &#8211; 08150, Parets del Valles – BARCELONA o al mail       <a href="mailto:protecciondatos@schroder-cp816.wordpresstemporal.com">protecciondatos@schroder-cp816.wordpresstemporal.com</a></p>
</div></section><br />

<style type="text/css" data-created_by="avia_inline_auto" id="style-css-av-av_hr-1deae294de86921cadf9622fb2da0879">
#top .hr.hr-invisible.av-av_hr-1deae294de86921cadf9622fb2da0879{
height:25px;
}
</style>
<div  class='hr av-av_hr-1deae294de86921cadf9622fb2da0879 hr-invisible  avia-builder-el-3  el_after_av_textblock  el_before_av_button '><span class='hr-inner '><span class="hr-inner-style"></span></span></div><br />
<div  class='avia-button-wrap av-av_button-2810dea969deaecae2e1d965eb8d9aed-wrap avia-button-left  avia-builder-el-4  el_after_av_hr  avia-builder-el-last '><a href='https://schroder-int.com/wordpress/'  class='avia-button av-av_button-2810dea969deaecae2e1d965eb8d9aed av-link-btn avia-icon_select-yes-left-icon avia-size-medium avia-position-left avia-color-theme-color'   aria-label="Volver a la home"><span class='avia_button_icon avia_button_icon_left avia-iconfont avia-font-entypo-fontello' data-av_icon='' data-av_iconfont='entypo-fontello' ></span><span class='avia_iconbox_title' >Volver a la home</span></a></div></p></div>

<style type="text/css" data-created_by="avia_inline_auto" id="style-css-av-av_one_fifth-0aa7055fe62c3622faec82866afbaeb2">
.flex_column.av-av_one_fifth-0aa7055fe62c3622faec82866afbaeb2{
border-radius:0px 0px 0px 0px;
padding:0px 0px 0px 0px;
}
</style>
<div  class='flex_column av-av_one_fifth-0aa7055fe62c3622faec82866afbaeb2 av_one_fifth  avia-builder-el-5  el_after_av_three_fifth  avia-builder-el-last  flex_column_div av-zero-column-padding  '     ></div>

<!-- This site is optimized with the Yoast SEO plugin v26.9 - https://yoast.com/product/yoast-seo-wordpress/ -->
<title>Política de privacidad Schroder - Grupo Schröder</title>
<meta name="robots" content="index, follow, max-snippet:-1, max-image-preview:large, max-video-preview:-1" />
<link rel="canonical" href="https://schroder-int.com/wordpress/politica-de-privacidad/" />
<meta property="og:locale" content="es_ES" />
<meta property="og:type" content="article" />
<meta property="og:title" content="Política de privacidad Schroder - Grupo Schröder" />
<meta property="og:url" content="https://schroder-int.com/wordpress/politica-de-privacidad/" />
<meta property="og:site_name" content="Grupo Schröder" />
<meta property="article:modified_time" content="2019-11-27T11:22:04+00:00" />
<meta name="twitter:card" content="summary_large_image" />
<meta name="twitter:label1" content="Tiempo de lectura" />
	<meta name="twitter:data1" content="3 minutos" />
<script type="application/ld+json" class="yoast-schema-graph">{"@context":"https://schema.org","@graph":[{"@type":"WebPage","@id":"https://schroder-int.com/wordpress/politica-de-privacidad/","url":"https://schroder-int.com/wordpress/politica-de-privacidad/","name":"Política de privacidad Schroder - Grupo Schröder","isPartOf":{"@id":"https://schroder-int.com/wordpress/#website"},"datePublished":"2019-11-25T08:42:42+00:00","dateModified":"2019-11-27T11:22:04+00:00","breadcrumb":{"@id":"https://schroder-int.com/wordpress/politica-de-privacidad/#breadcrumb"},"inLanguage":"es","potentialAction":[{"@type":"ReadAction","target":["https://schroder-int.com/wordpress/politica-de-privacidad/"]}]},{"@type":"BreadcrumbList","@id":"https://schroder-int.com/wordpress/politica-de-privacidad/#breadcrumb","itemListElement":[{"@type":"ListItem","position":1,"name":"Portada","item":"https://schroder-int.com/wordpress/"},{"@type":"ListItem","position":2,"name":"Política de privacidad Schroder"}]},{"@type":"WebSite","@id":"https://schroder-int.com/wordpress/#website","url":"https://schroder-int.com/wordpress/","name":"Grupo Schröder","description":"Aceros Inoxidables, Aceros al carbono","potentialAction":[{"@type":"SearchAction","target":{"@type":"EntryPoint","urlTemplate":"https://schroder-int.com/wordpress/?s={search_term_string}"},"query-input":{"@type":"PropertyValueSpecification","valueRequired":true,"valueName":"search_term_string"}}],"inLanguage":"es"}]}</script>
<!-- / Yoast SEO plugin. -->

Política de privacidad Schroder - Grupo Schröder

Grupo Schröder
