{"id":486,"date":"2017-06-20T12:59:03","date_gmt":"2017-06-20T12:59:03","guid":{"rendered":"https:\/\/schroder-int.com\/wordpress\/?page_id=486"},"modified":"2025-10-02T11:58:25","modified_gmt":"2025-10-02T10:58:25","slug":"esco-10","status":"publish","type":"page","link":"https:\/\/schroder-int.com\/wordpress\/esco-10\/","title":{"rendered":"Esco-10"},"content":{"rendered":"\n<style type=\"text\/css\" data-created_by=\"avia_inline_auto\" id=\"style-css-av-1fdrfa-2bb0855414079ace4e2ce93d544414ba\">\n.avia-section.av-1fdrfa-2bb0855414079ace4e2ce93d544414ba .av-parallax .av-parallax-inner{\nbackground-repeat:no-repeat;\nbackground-image:url(https:\/\/schroder-int.com\/wordpress\/wp-content\/uploads\/2017\/06\/IMG_1305web-1200x900.jpg);\nbackground-position:50% 50%;\nbackground-attachment:scroll;\n}\n.avia-section.av-1fdrfa-2bb0855414079ace4e2ce93d544414ba .av-section-color-overlay{\nopacity:0.7;\nbackground-color:#000000;\n}\n<\/style>\n<div id='av_section_1'  class='avia-section av-1fdrfa-2bb0855414079ace4e2ce93d544414ba main_color avia-section-large avia-no-border-styling  avia-builder-el-0  avia-builder-el-no-sibling  avia-full-stretch av-parallax-section avia-bg-style-parallax av-section-color-overlay-active container_wrap sidebar_right'  data-section-bg-repeat='stretch'><div class='av-parallax' data-avia-parallax-ratio='0.3' ><div class='av-parallax-inner main_color avia-full-stretch'><\/div><\/div><div class=\"av-section-color-overlay-wrap\"><div class=\"av-section-color-overlay\"><\/div><div class='container av-section-cont-open' ><main  role=\"main\" itemprop=\"mainContentOfPage\"  class='template-page content  av-content-small alpha units'><div class='post-entry post-entry-type-page post-entry-486'><div class='entry-content-wrapper clearfix'>\n\n<style type=\"text\/css\" data-created_by=\"avia_inline_auto\" id=\"style-css-av-1999xa-bcfdf0e0c3bdd982cdad22e5f3ab28b1\">\n#top .av_textblock_section.av-1999xa-bcfdf0e0c3bdd982cdad22e5f3ab28b1 .avia_textblock{\ncolor:#ffffff;\n}\n<\/style>\n<section  class='av_textblock_section av-1999xa-bcfdf0e0c3bdd982cdad22e5f3ab28b1 '   itemscope=\"itemscope\" itemtype=\"https:\/\/schema.org\/CreativeWork\" ><div class='avia_textblock av_inherit_color'  itemprop=\"text\" ><h1><\/h1>\n<h1><strong>Aceros al carbono para hidr\u00e1ulica: Esco-10.<\/strong><\/h1>\n<h2>Calidad ST-37.2 &#8211; DIN 2393<\/h2>\n<h2><em>Tubo multiestirado para hidr\u00e1ulica y neum\u00e1tica | Tolerancia H-10<\/em><\/h2>\n<\/div><\/section>\n\n<style type=\"text\/css\" data-created_by=\"avia_inline_auto\" id=\"style-css-av-1438e6-18feb0ec2770bc6ee0ff6ed168f68bf4\">\n.flex_column.av-1438e6-18feb0ec2770bc6ee0ff6ed168f68bf4{\nborder-radius:0px 0px 0px 0px;\npadding:0px 0px 0px 0px;\n}\n<\/style>\n<div  class='flex_column av-1438e6-18feb0ec2770bc6ee0ff6ed168f68bf4 av_one_half  avia-builder-el-2  el_after_av_textblock  el_before_av_one_half  first flex_column_div av-zero-column-padding  column-top-margin'     ><style type=\"text\/css\" data-created_by=\"avia_inline_auto\" id=\"style-css-av-ytmry-a274871c26cfcc4eec8541bab3e896e2\">\n#top .av_textblock_section.av-ytmry-a274871c26cfcc4eec8541bab3e896e2 .avia_textblock{\nfont-size:13px;\ncolor:#ffffff;\n}\n<\/style>\n<section  class='av_textblock_section av-ytmry-a274871c26cfcc4eec8541bab3e896e2 '   itemscope=\"itemscope\" itemtype=\"https:\/\/schema.org\/CreativeWork\" ><div class='avia_textblock av_inherit_color'  itemprop=\"text\" ><h3><strong>CARACTER\u00cdSTICAS T\u00c9CNICAS ACERO AL CARBONO PARA HIDR\u00c1ULICA ESCO-10:<\/strong><\/h3>\n<ul>\n<li>Resistencia rotura: 52 kg\/mm2, m\u00edn.<\/li>\n<li>L\u00edmite el\u00e1stico: 46 kg\/mm2, m\u00ednimo<\/li>\n<li>Alargamiento: 8 %<\/li>\n<li>Calidad: St-37.2 &#8211; DIN 2393<\/li>\n<\/ul>\n<p>Especialmente adecuado para cilindros de media presi\u00f3n, hidr\u00e1ulicos y neum\u00e1ticos.<\/p>\n<\/div><\/section><br \/>\n<div  class='avia-button-wrap av-rm0bq-1c61248c2aae23bfe7e90e873da7ef7e-wrap avia-button-left  avia-builder-el-4  el_after_av_textblock  avia-builder-el-last '><a href='https:\/\/schroder-int.com\/wordpress\/wp-content\/uploads\/2025\/10\/ESCO-10-1.jpg'  class='avia-button av-rm0bq-1c61248c2aae23bfe7e90e873da7ef7e av-link-btn avia-icon_select-yes-left-icon avia-size-medium avia-position-left avia-color-theme-color'  target=\"_blank\"  rel=\"noopener noreferrer\"  aria-label=\"Descargar ficha t\u00e9cnica\"><span class='avia_button_icon avia_button_icon_left avia-iconfont avia-font-entypo-fontello' data-av_icon='\ue887' data-av_iconfont='entypo-fontello' ><\/span><span class='avia_iconbox_title' >Descargar ficha t\u00e9cnica<\/span><\/a><\/div><\/p><\/div>\n<style type=\"text\/css\" data-created_by=\"avia_inline_auto\" id=\"style-css-av-l7hpq-6305ea0c74bf9753a60346c09d6673af\">\n.flex_column.av-l7hpq-6305ea0c74bf9753a60346c09d6673af{\nborder-radius:0px 0px 0px 0px;\npadding:0px 0px 0px 0px;\n}\n<\/style>\n<div  class='flex_column av-l7hpq-6305ea0c74bf9753a60346c09d6673af av_one_half  avia-builder-el-5  el_after_av_one_half  el_before_av_hr  flex_column_div av-zero-column-padding  column-top-margin'     ><style type=\"text\/css\" data-created_by=\"avia_inline_auto\" id=\"style-css-av-1mp12-d0b9a0b67cccd3995dfaa618d4ad38ab\">\n.avia-image-container.av-1mp12-d0b9a0b67cccd3995dfaa618d4ad38ab img.avia_image{\nbox-shadow:none;\n}\n.avia-image-container.av-1mp12-d0b9a0b67cccd3995dfaa618d4ad38ab .av-image-caption-overlay-center{\ncolor:#ffffff;\n}\n<\/style>\n<div  class='avia-image-container av-1mp12-d0b9a0b67cccd3995dfaa618d4ad38ab av-styling- avia-align-center  avia-builder-el-6  avia-builder-el-no-sibling '   itemprop=\"image\" itemscope=\"itemscope\" itemtype=\"https:\/\/schema.org\/ImageObject\" ><div class=\"avia-image-container-inner\"><div class=\"avia-image-overlay-wrap\"><img decoding=\"async\" fetchpriority=\"high\" class='wp-image-424 avia-img-lazy-loading-not-424 avia_image ' src=\"https:\/\/schroder-int.com\/wordpress\/wp-content\/uploads\/2017\/06\/esco10.jpg\" alt='' title='esco10'  height=\"491\" width=\"484\"  itemprop=\"thumbnailUrl\" srcset=\"https:\/\/schroder-int.com\/wordpress\/wp-content\/uploads\/2017\/06\/esco10.jpg 484w, https:\/\/schroder-int.com\/wordpress\/wp-content\/uploads\/2017\/06\/esco10-80x80.jpg 80w, https:\/\/schroder-int.com\/wordpress\/wp-content\/uploads\/2017\/06\/esco10-296x300.jpg 296w, https:\/\/schroder-int.com\/wordpress\/wp-content\/uploads\/2017\/06\/esco10-36x36.jpg 36w, https:\/\/schroder-int.com\/wordpress\/wp-content\/uploads\/2017\/06\/esco10-450x457.jpg 450w\" sizes=\"(max-width: 484px) 100vw, 484px\" \/><\/div><\/div><\/div><\/div>\n<style type=\"text\/css\" data-created_by=\"avia_inline_auto\" id=\"style-css-av-14ua6-3a17ff3213157a74c3cdd880ba3f505c\">\n#top .hr.av-14ua6-3a17ff3213157a74c3cdd880ba3f505c{\nmargin-top:0px;\nmargin-bottom:0px;\n}\n.hr.av-14ua6-3a17ff3213157a74c3cdd880ba3f505c .hr-inner{\nwidth:1200px;\nborder-color:#ffffff;\n}\n<\/style>\n<div  class='hr av-14ua6-3a17ff3213157a74c3cdd880ba3f505c hr-custom  avia-builder-el-7  el_after_av_one_half  avia-builder-el-last  hr-center hr-icon-no'><span class='hr-inner inner-border-av-border-thin'><span class=\"hr-inner-style\"><\/span><\/span><\/div>\n<\/div><\/div><\/main><!-- close content main element --><\/div><\/div><\/div><div id='after_section_1'  class='main_color av_default_container_wrap container_wrap sidebar_right'  ><div class='container av-section-cont-open' ><div class='template-page content  av-content-small alpha units'><div class='post-entry post-entry-type-page post-entry-486'><div class='entry-content-wrapper clearfix'>\n","protected":false},"excerpt":{"rendered":"","protected":false},"author":2,"featured_media":0,"parent":0,"menu_order":0,"comment_status":"closed","ping_status":"closed","template":"","meta":{"footnotes":""},"class_list":["post-486","page","type-page","status-publish","hentry"],"yoast_head":"<!-- This site is optimized with the Yoast SEO plugin v26.9 - https:\/\/yoast.com\/product\/yoast-seo-wordpress\/ -->\n<title>Aceros al carbono para hidr\u00e1ulica: Esco-10<\/title>\n<meta name=\"description\" content=\"Esco-10 es un tubo multiestriado para hidr\u00e1ulica y neum\u00e1tica con toleancia H-10. Muy adecuado para cilindros de media presi\u00f3n, hidr\u00e1ulicos y neum\u00e1ticos.\" \/>\n<meta name=\"robots\" content=\"index, follow, max-snippet:-1, max-image-preview:large, max-video-preview:-1\" \/>\n<link rel=\"canonical\" href=\"https:\/\/schroder-int.com\/wordpress\/esco-10\/\" \/>\n<meta property=\"og:locale\" content=\"es_ES\" \/>\n<meta property=\"og:type\" content=\"article\" \/>\n<meta property=\"og:title\" content=\"Aceros al carbono para hidr\u00e1ulica: Esco-10\" \/>\n<meta property=\"og:description\" content=\"Esco-10 es un tubo multiestriado para hidr\u00e1ulica y neum\u00e1tica con toleancia H-10. Muy adecuado para cilindros de media presi\u00f3n, hidr\u00e1ulicos y neum\u00e1ticos.\" \/>\n<meta property=\"og:url\" content=\"https:\/\/schroder-int.com\/wordpress\/esco-10\/\" \/>\n<meta property=\"og:site_name\" content=\"Grupo Schr\u00f6der\" \/>\n<meta property=\"article:modified_time\" content=\"2025-10-02T10:58:25+00:00\" \/>\n<meta name=\"twitter:card\" content=\"summary_large_image\" \/>\n<meta name=\"twitter:label1\" content=\"Tiempo de lectura\" \/>\n\t<meta name=\"twitter:data1\" content=\"2 minutos\" \/>\n<script type=\"application\/ld+json\" class=\"yoast-schema-graph\">{\"@context\":\"https:\/\/schema.org\",\"@graph\":[{\"@type\":\"WebPage\",\"@id\":\"https:\/\/schroder-int.com\/wordpress\/esco-10\/\",\"url\":\"https:\/\/schroder-int.com\/wordpress\/esco-10\/\",\"name\":\"Aceros al carbono para hidr\u00e1ulica: Esco-10\",\"isPartOf\":{\"@id\":\"https:\/\/schroder-int.com\/wordpress\/#website\"},\"datePublished\":\"2017-06-20T12:59:03+00:00\",\"dateModified\":\"2025-10-02T10:58:25+00:00\",\"description\":\"Esco-10 es un tubo multiestriado para hidr\u00e1ulica y neum\u00e1tica con toleancia H-10. Muy adecuado para cilindros de media presi\u00f3n, hidr\u00e1ulicos y neum\u00e1ticos.\",\"breadcrumb\":{\"@id\":\"https:\/\/schroder-int.com\/wordpress\/esco-10\/#breadcrumb\"},\"inLanguage\":\"es\",\"potentialAction\":[{\"@type\":\"ReadAction\",\"target\":[\"https:\/\/schroder-int.com\/wordpress\/esco-10\/\"]}]},{\"@type\":\"BreadcrumbList\",\"@id\":\"https:\/\/schroder-int.com\/wordpress\/esco-10\/#breadcrumb\",\"itemListElement\":[{\"@type\":\"ListItem\",\"position\":1,\"name\":\"Portada\",\"item\":\"https:\/\/schroder-int.com\/wordpress\/\"},{\"@type\":\"ListItem\",\"position\":2,\"name\":\"Esco-10\"}]},{\"@type\":\"WebSite\",\"@id\":\"https:\/\/schroder-int.com\/wordpress\/#website\",\"url\":\"https:\/\/schroder-int.com\/wordpress\/\",\"name\":\"Grupo Schr\u00f6der\",\"description\":\"Aceros Inoxidables, Aceros al carbono\",\"potentialAction\":[{\"@type\":\"SearchAction\",\"target\":{\"@type\":\"EntryPoint\",\"urlTemplate\":\"https:\/\/schroder-int.com\/wordpress\/?s={search_term_string}\"},\"query-input\":{\"@type\":\"PropertyValueSpecification\",\"valueRequired\":true,\"valueName\":\"search_term_string\"}}],\"inLanguage\":\"es\"}]}<\/script>\n<!-- \/ Yoast SEO plugin. -->","yoast_head_json":{"title":"Aceros al carbono para hidr\u00e1ulica: Esco-10","description":"Esco-10 es un tubo multiestriado para hidr\u00e1ulica y neum\u00e1tica con toleancia H-10. Muy adecuado para cilindros de media presi\u00f3n, hidr\u00e1ulicos y neum\u00e1ticos.","robots":{"index":"index","follow":"follow","max-snippet":"max-snippet:-1","max-image-preview":"max-image-preview:large","max-video-preview":"max-video-preview:-1"},"canonical":"https:\/\/schroder-int.com\/wordpress\/esco-10\/","og_locale":"es_ES","og_type":"article","og_title":"Aceros al carbono para hidr\u00e1ulica: Esco-10","og_description":"Esco-10 es un tubo multiestriado para hidr\u00e1ulica y neum\u00e1tica con toleancia H-10. Muy adecuado para cilindros de media presi\u00f3n, hidr\u00e1ulicos y neum\u00e1ticos.","og_url":"https:\/\/schroder-int.com\/wordpress\/esco-10\/","og_site_name":"Grupo Schr\u00f6der","article_modified_time":"2025-10-02T10:58:25+00:00","twitter_card":"summary_large_image","twitter_misc":{"Tiempo de lectura":"2 minutos"},"schema":{"@context":"https:\/\/schema.org","@graph":[{"@type":"WebPage","@id":"https:\/\/schroder-int.com\/wordpress\/esco-10\/","url":"https:\/\/schroder-int.com\/wordpress\/esco-10\/","name":"Aceros al carbono para hidr\u00e1ulica: Esco-10","isPartOf":{"@id":"https:\/\/schroder-int.com\/wordpress\/#website"},"datePublished":"2017-06-20T12:59:03+00:00","dateModified":"2025-10-02T10:58:25+00:00","description":"Esco-10 es un tubo multiestriado para hidr\u00e1ulica y neum\u00e1tica con toleancia H-10. Muy adecuado para cilindros de media presi\u00f3n, hidr\u00e1ulicos y neum\u00e1ticos.","breadcrumb":{"@id":"https:\/\/schroder-int.com\/wordpress\/esco-10\/#breadcrumb"},"inLanguage":"es","potentialAction":[{"@type":"ReadAction","target":["https:\/\/schroder-int.com\/wordpress\/esco-10\/"]}]},{"@type":"BreadcrumbList","@id":"https:\/\/schroder-int.com\/wordpress\/esco-10\/#breadcrumb","itemListElement":[{"@type":"ListItem","position":1,"name":"Portada","item":"https:\/\/schroder-int.com\/wordpress\/"},{"@type":"ListItem","position":2,"name":"Esco-10"}]},{"@type":"WebSite","@id":"https:\/\/schroder-int.com\/wordpress\/#website","url":"https:\/\/schroder-int.com\/wordpress\/","name":"Grupo Schr\u00f6der","description":"Aceros Inoxidables, Aceros al carbono","potentialAction":[{"@type":"SearchAction","target":{"@type":"EntryPoint","urlTemplate":"https:\/\/schroder-int.com\/wordpress\/?s={search_term_string}"},"query-input":{"@type":"PropertyValueSpecification","valueRequired":true,"valueName":"search_term_string"}}],"inLanguage":"es"}]}},"_links":{"self":[{"href":"https:\/\/schroder-int.com\/wordpress\/wp-json\/wp\/v2\/pages\/486","targetHints":{"allow":["GET"]}}],"collection":[{"href":"https:\/\/schroder-int.com\/wordpress\/wp-json\/wp\/v2\/pages"}],"about":[{"href":"https:\/\/schroder-int.com\/wordpress\/wp-json\/wp\/v2\/types\/page"}],"author":[{"embeddable":true,"href":"https:\/\/schroder-int.com\/wordpress\/wp-json\/wp\/v2\/users\/2"}],"replies":[{"embeddable":true,"href":"https:\/\/schroder-int.com\/wordpress\/wp-json\/wp\/v2\/comments?post=486"}],"version-history":[{"count":7,"href":"https:\/\/schroder-int.com\/wordpress\/wp-json\/wp\/v2\/pages\/486\/revisions"}],"predecessor-version":[{"id":1185,"href":"https:\/\/schroder-int.com\/wordpress\/wp-json\/wp\/v2\/pages\/486\/revisions\/1185"}],"wp:attachment":[{"href":"https:\/\/schroder-int.com\/wordpress\/wp-json\/wp\/v2\/media?parent=486"}],"curies":[{"name":"wp","href":"https:\/\/api.w.org\/{rel}","templated":true}]}}